{"id":13,"date":"2024-12-04T17:37:44","date_gmt":"2024-12-04T17:37:44","guid":{"rendered":"https:\/\/kohesion-konsulting.ch\/wordpress_O\/?page_id=13"},"modified":"2024-12-08T17:36:31","modified_gmt":"2024-12-08T17:36:31","slug":"a-propos","status":"publish","type":"page","link":"https:\/\/kohesion-konsulting.ch\/wordpress_O\/a-propos\/","title":{"rendered":"A propos"},"content":{"rendered":"\n<div class=\"wp-block-cover alignfull\" style=\"min-height:350px;aspect-ratio:unset;\"><span aria-hidden=\"true\" class=\"wp-block-cover__background has-background-dim-10 has-background-dim\" style=\"background-color:#1f1f1f\"><\/span><img decoding=\"async\" class=\"wp-block-cover__image-background wp-image-2786\" alt=\"\" src=\"https:\/\/tyler.com\/wp-content\/uploads\/2023\/11\/pexels-tima-miroshnichenko-5686082-scaled.jpg\" style=\"object-position:50% 55%\" data-object-fit=\"cover\" data-object-position=\"50% 55%\"\/><div class=\"wp-block-cover__inner-container has-global-padding is-layout-constrained wp-container-core-cover-is-layout-4383d167 wp-block-cover-is-layout-constrained\">\n<div style=\"height:100px\" aria-hidden=\"true\" class=\"wp-block-spacer\"><\/div>\n\n\n\n<p class=\"has-text-align-center has-text-color has-link-color has-inter-font-family wp-elements-4bf4dd5d1c753cda0a4ff97ef7042a59\" style=\"color:#ffffff;font-size:clamp(30.693px, 1.918rem + ((1vw - 3.2px) * 2.649), 54px);font-style:normal;font-weight:400\">A propos<\/p>\n<\/div><\/div>\n\n\n\n<div class=\"wp-block-group alignwide has-global-padding is-layout-constrained wp-container-core-group-is-layout-5ff8a92b wp-block-group-is-layout-constrained\" style=\"margin-top:0;margin-bottom:0;padding-top:100px;padding-bottom:100px\">\n<div class=\"wp-block-columns alignwide is-layout-flex wp-container-core-columns-is-layout-9cf8123d wp-block-columns-is-layout-flex\">\n<div class=\"wp-block-column is-vertically-aligned-center is-layout-flow wp-block-column-is-layout-flow\">\n<figure class=\"wp-block-image size-full\"><img decoding=\"async\" src=\"https:\/\/tyler.com\/wp-content\/uploads\/2023\/11\/Pine-About-2nd-Sec-Image.png\" alt=\"\" class=\"wp-image-2989\" style=\"aspect-ratio:4\/3;object-fit:cover\"\/><\/figure>\n<\/div>\n\n\n\n<div class=\"wp-block-column is-vertically-aligned-center is-layout-flow wp-container-core-column-is-layout-c50a13ef wp-block-column-is-layout-flow\" style=\"padding-left:15px\">\n<h2 class=\"wp-block-heading has-text-color has-link-color has-inter-font-family wp-elements-b4561dd70bb08a8a6b2e7c1cad80a732\" style=\"color:#3a3a3a;font-size:clamp(14px, 0.875rem + ((1vw - 3.2px) * 0.227), 16px);font-style:normal;font-weight:500;line-height:0.7;text-transform:uppercase\">Cr\u00e9er des liens<\/h2>\n\n\n\n<h2 class=\"wp-block-heading has-text-color has-link-color has-inter-font-family wp-elements-7c2e6d71251b3768898a17be11e3ae01\" style=\"color:#3a3a3a;font-size:clamp(18.959px, 1.185rem + ((1vw - 3.2px) * 1.255), 30px);font-style:normal;font-weight:500;line-height:1.2\">Favoriser la confiance et la collaboration sur le lieu de travail<\/h2>\n\n\n\n<p class=\"has-text-color has-link-color has-lexend-font-family wp-elements-420e4f316860554163e97667dded6088\" style=\"color:#3a3a3a;font-size:clamp(14.082px, 0.88rem + ((1vw - 3.2px) * 0.786), 21px);font-style:normal;font-weight:400\">Chez Kohesion Konsulting, nous pensons qu&rsquo;un lieu de travail prosp\u00e8re repose sur la confiance et la collaboration. Notre mission est d&rsquo;am\u00e9liorer la satisfaction des employ\u00e9s et de renforcer la dynamique d&rsquo;\u00e9quipe par le biais d&rsquo;une communication ouverte et d&rsquo;informations exploitables. En valorisant le point de vue de chaque individu, nous aidons les organisations \u00e0 cr\u00e9er une atmosph\u00e8re positive o\u00f9 chacun se sent \u00e9cout\u00e9, respect\u00e9 et habilit\u00e9 \u00e0 donner le meilleur de lui-m\u00eame.<\/p>\n<\/div>\n<\/div>\n<\/div>\n\n\n\n<div class=\"wp-block-group alignfull has-background has-global-padding is-layout-constrained wp-container-core-group-is-layout-0117c4cf wp-block-group-is-layout-constrained\" style=\"background-color:#e9e4dc;padding-top:80px;padding-bottom:80px\">\n<h2 class=\"wp-block-heading has-text-align-center has-text-color has-link-color has-inter-font-family wp-elements-5251bc19b2b7401fcf21ab976dcbb7b7\" style=\"color:#3a3a3a;font-size:clamp(18.959px, 1.185rem + ((1vw - 3.2px) * 1.255), 30px);font-style:normal;font-weight:500;line-height:1.2\">Kohesion Konsulting<\/h2>\n\n\n\n<hr class=\"wp-block-separator has-text-color has-alpha-channel-opacity has-background\" style=\"background-color:#3a3a3a;color:#3a3a3a\"\/>\n\n\n\n<p class=\"has-text-align-center has-text-color has-link-color has-lexend-font-family wp-elements-e434f0d899b4455f55d7f994043cdfc0\" style=\"color:#3a3a3a;font-size:clamp(14px, 0.875rem + ((1vw - 3.2px) * 0.682), 20px);\">Kohesion Konsulting est n\u00e9 d&rsquo;une passion pour l&rsquo;am\u00e9lioration des environnements de travail. Nous avons per\u00e7u le besoin d&rsquo;une nouvelle approche de la satisfaction des employ\u00e9s et de la coh\u00e9sion d&rsquo;\u00e9quipe. Notre parcours a commenc\u00e9 par une id\u00e9e simple : chaque voix compte. Nous nous effor\u00e7ons de cr\u00e9er des espaces o\u00f9 les employ\u00e9s se sentent valoris\u00e9s et compris. Gr\u00e2ce \u00e0 des enqu\u00eates, des discussions engageantes et des solutions sur mesure, nous permettons aux entreprises de se rapprocher de leurs \u00e9quipes \u00e0 un niveau plus profond. Notre objectif est de favoriser une culture inclusive qui encourage la collaboration et la croissance. Ensemble, nous pouvons transformer votre lieu de travail en une communaut\u00e9 prosp\u00e8re o\u00f9 chacun peut briller et r\u00e9ussir.<\/p>\n<\/div>\n\n\n\n<div class=\"wp-block-group alignwide has-global-padding is-layout-constrained wp-container-core-group-is-layout-9eae1539 wp-block-group-is-layout-constrained\" style=\"margin-top:0;margin-bottom:0;padding-top:7.01rem;padding-bottom:7.01rem\">\n<div class=\"wp-block-columns alignwide is-layout-flex wp-container-core-columns-is-layout-e121da15 wp-block-columns-is-layout-flex\" style=\"padding-right:2.01rem;padding-left:2.01rem\">\n<div class=\"wp-block-column is-layout-flow wp-container-core-column-is-layout-1764130a wp-block-column-is-layout-flow\" style=\"padding-right:1.01rem;padding-left:1.01rem\">\n<div class=\"wp-block-group is-horizontal is-layout-flex wp-container-core-group-is-layout-a7a8ffff wp-block-group-is-layout-flex\" style=\"border-style:none;border-width:0px;border-radius:0px;min-height:0px\">\n<figure class=\"wp-block-image size-full is-resized\"><img loading=\"lazy\" decoding=\"async\" width=\"1024\" height=\"683\" src=\"https:\/\/kohesion-konsulting.ch\/wordpress_O\/wp-content\/uploads\/2024\/12\/cohesion-equipe-1024x683-2.jpg\" alt=\"\" class=\"wp-image-53\" style=\"aspect-ratio:0.75;object-fit:cover;width:419px;height:auto\" srcset=\"https:\/\/kohesion-konsulting.ch\/wordpress_O\/wp-content\/uploads\/2024\/12\/cohesion-equipe-1024x683-2.jpg 1024w, https:\/\/kohesion-konsulting.ch\/wordpress_O\/wp-content\/uploads\/2024\/12\/cohesion-equipe-1024x683-2-300x200.jpg 300w, https:\/\/kohesion-konsulting.ch\/wordpress_O\/wp-content\/uploads\/2024\/12\/cohesion-equipe-1024x683-2-768x512.jpg 768w\" sizes=\"auto, (max-width: 1024px) 100vw, 1024px\" \/><\/figure>\n\n\n\n<div class=\"wp-block-group has-global-padding is-layout-constrained wp-container-core-group-is-layout-ad4ab259 wp-block-group-is-layout-constrained\" style=\"margin-top:2.01rem\">\n<h4 class=\"wp-block-heading has-text-align-center has-text-color has-link-color wp-elements-f21b7133eb8509dc164c20a2714ff294\" style=\"color:#3a3a3a;font-size:clamp(1.453rem, 1.453rem + ((1vw - 0.2rem) * 1.722), 2.4rem);font-style:normal;font-weight:400\">\u00ab&nbsp;<strong>Il est primordial de veiller au bien-\u00eatre de vos collaborateurs sur leur lieu de travail, car cela favorise une dynamique d\u2019\u00e9quipe plus harmonieuse et contribue \u00e0 p\u00e9renniser leur efficacit\u00e9 et leur productivit\u00e9&nbsp;<\/strong>\u00bb<\/h4>\n<\/div>\n<\/div>\n<\/div>\n<\/div>\n<\/div>\n\n\n\n<div class=\"wp-block-cover alignfull\" style=\"margin-top:0px;margin-bottom:0px;padding-top:7.01rem;padding-bottom:7.01rem;aspect-ratio:unset;\"><span aria-hidden=\"true\" class=\"wp-block-cover__background has-contrast-background-color has-background-dim-0 has-background-dim\"><\/span><img decoding=\"async\" class=\"wp-block-cover__image-background wp-image-174\" alt=\"\" src=\"https:\/\/tyler.com\/wp-content\/themes\/variations-child\/assets\/images\/consulting\/consulting-testimonial-banner.jpg\" style=\"object-position:50% 51%\" data-object-fit=\"cover\" data-object-position=\"50% 51%\"\/><div class=\"wp-block-cover__inner-container has-global-padding is-layout-constrained wp-container-core-cover-is-layout-8014b4f1 wp-block-cover-is-layout-constrained\">\n<div class=\"wp-block-group has-global-padding is-layout-constrained wp-container-core-group-is-layout-41c06ba8 wp-block-group-is-layout-constrained\">\n<p class=\"has-text-align-center has-text-color has-lexend-font-family\" style=\"color:#ffffff;font-size:clamp(0.875rem, 0.875rem + ((1vw - 0.2rem) * 0.245), 1.01rem);letter-spacing:0.3rem\"><\/p>\n<\/div>\n<\/div><\/div>\n\n\n\n<p><\/p>\n","protected":false},"excerpt":{"rendered":"<p>Cr\u00e9er des liens Favoriser la confiance et la collaboration sur le lieu de travail Chez Kohesion Konsulting, nous pensons qu&rsquo;un lieu de travail prosp\u00e8re repose sur la confiance et la collaboration. Notre mission est d&rsquo;am\u00e9liorer la satisfaction des employ\u00e9s et de renforcer la dynamique d&rsquo;\u00e9quipe par le biais d&rsquo;une communication ouverte et d&rsquo;informations exploitables. En [&hellip;]<\/p>\n","protected":false},"author":1,"featured_media":0,"parent":0,"menu_order":0,"comment_status":"closed","ping_status":"closed","template":"","meta":{"footnotes":""},"class_list":["post-13","page","type-page","status-publish","hentry"],"_links":{"self":[{"href":"https:\/\/kohesion-konsulting.ch\/wordpress_O\/wp-json\/wp\/v2\/pages\/13","targetHints":{"allow":["GET"]}}],"collection":[{"href":"https:\/\/kohesion-konsulting.ch\/wordpress_O\/wp-json\/wp\/v2\/pages"}],"about":[{"href":"https:\/\/kohesion-konsulting.ch\/wordpress_O\/wp-json\/wp\/v2\/types\/page"}],"author":[{"embeddable":true,"href":"https:\/\/kohesion-konsulting.ch\/wordpress_O\/wp-json\/wp\/v2\/users\/1"}],"replies":[{"embeddable":true,"href":"https:\/\/kohesion-konsulting.ch\/wordpress_O\/wp-json\/wp\/v2\/comments?post=13"}],"version-history":[{"count":11,"href":"https:\/\/kohesion-konsulting.ch\/wordpress_O\/wp-json\/wp\/v2\/pages\/13\/revisions"}],"predecessor-version":[{"id":110,"href":"https:\/\/kohesion-konsulting.ch\/wordpress_O\/wp-json\/wp\/v2\/pages\/13\/revisions\/110"}],"wp:attachment":[{"href":"https:\/\/kohesion-konsulting.ch\/wordpress_O\/wp-json\/wp\/v2\/media?parent=13"}],"curies":[{"name":"wp","href":"https:\/\/api.w.org\/{rel}","templated":true}]}}